ided by c.
6
Let m = 15 - 25. Let b = 18 + m. Calculate the remainder when b is divided by 10 + (-2 - (8 + -5)).
3
Suppose 3*r = 15, -k + 2*k + 3*r = 39. What is the remainder when 119 is divided by k?
23
Let x = 20 + 10. Suppose -3*f = -0*f - x. Calculate the remainder when 38 is divided by f.
8
Suppose 5*t - 4*t - 5 = 0. Let f(a) = 13*a**3 - 2*a**2 + a. Calculate the remainder when f(1) is divided by t.
2
Suppose 5*q - 3*f - 55 = -2*f, 2*q - 4*f = 40. Suppose 7*d - 12 = 3*d. Calculate the remainder when 4/q + (-23)/(-5) is divided by d.
2
Suppose 4*r - 2*n = r + 13, 4*n + 16 = 4*r. Suppose -5*a = -r*h - 122 + 2, -4*a - 3*h + 110 = 0. What is the remainder when a is divided by 9?
8
Let i = -18 - -39. What is the remainder when 41 is divided by i?
20
Let i be (66/(-8))/((-2)/(-8)). Let a = i + 56. Calculate the remainder when 66 is divided by a.
20
Suppose 0 = 3*o - 67 - 41. Suppose 0 = 2*i + 2*i - o. What is the remainder when 16 is divided by i?
7
Let c = 87 - 30. Calculate the remainder when c is divided by 15.
12
Calculate the remainder when 2964/28 + (-1)/(-7) is divided by 11.
7
Let b(a) = -4*a - 18. Let p(r) = r**2 + 3*r + 5. Let v be p(-4). Suppose -g + v = -8. Calculate the remainder when g is divided by b(-6).
5
Let n(f) = -f**3 + 15. Let u be n(0). Suppose 0*a + u = a. What is the remainder when a is divided by 6?
3
Let y = -107 + 129. What is the remainder when y is divided by 12?
10
Suppose -4*o + 6*o = 24. What is the remainder when o is divided by 4?
0
Suppose -3*n + 0*n + 29 = 4*b, -3*b = 2*n - 21. Suppose -4*g + 3*g + 6 = 0. What is the remainder when n is divided by 0 + 1*g/2?
0
Let o = 52 + 29. Calculate the remainder when o is divided by 28.
25
Suppose 4*h = 5*d - 320, 2*d - 128 = -2*h + h. What is the remainder when d is divided by 22?
20
Let o = -81 - -115. Suppose -7*c + 6*c = -9. Calculate the remainder when o is divided by c.
7
Let y be 8/28 + (-163)/7. Let g = 32 + y. Calculate the remainder when g is divided by 3.
0
Suppose 0 = f - 6*f + 55. Suppose 5*b + 37 = 2*w, b - 4*b - 15 = 0. What is the remainder when f is divided by 12*2/(w/1)?
3
Suppose 3*o - 7*o = 60. Let p = 30 + o. What is the remainder when 59 is divided by p?
14
Suppose 2*y = -2*j + 6, -j + 12 = 5*y + j. Calculate the remainder when 2 is divided by y.
0
Suppose 3*b - 1 = -4*o, -3*b + 2*o - 5*o + 3 = 0. Calculate the remainder when b - 19/(-4 + 3) is divided by 12.
10
Let i(f) = -f**3 + 12*f**2 + f - 2. Let v be i(12). Calculate the remainder when ((-12)/v)/((-2)/35) is divided by 8.
5
Suppose 2*d - 23 = 9. Calculate the remainder when 95 is divided by d.
15
Let c = 144 - 83. Calculate the remainder when c is divided by 31.
30
Calculate the remainder when 15 is divided by 16/28 + (-104)/(-14).
7
Suppose 4*l - 16 = 3*l. Let x = -8 + l. Suppose 4*r - o - 15 = 0, -r - 5*o = -25 - 5. Calculate the remainder when x is divided by r.
3
Suppose a - 5*a = 0. Let g(v) = -v + 4. What is the remainder when (-1)/(-2)*4 + 9 is divided by g(a)?
3
Suppose 838 = 5*g - 2*r + 146, 3*g - 440 = -5*r. What is the remainder when 1/((-2)/g*-2) is divided by 18?
17
Let p(v) = 2*v**3 - 3*v**2 - 3*v - 15. What is the remainder when p(5) is divided by 37?
34
Let o = -1 + 4. Suppose 3 = 5*w - 17. Calculate the remainder when w is divided by o.
1
Let m be ((-19)/(-2))/(8/16). Suppose 291 = 5*x - m. Calculate the remainder when x is divided by 16.
14
Let r(g) be the first derivative of -g**3/3 - 11*g**2/2 - 7*g - 4. What is the remainder when r(-8) is divided by 10?
7
Suppose 4*v = 6 + 22. Calculate the remainder when 55 is divided by v.
6
Suppose 3*x + b = -3*b - 149, 4*b - 39 = x. Let k = -18 - x. Suppose -d + 48 = 33. What is the remainder when k is divided by d?
14
Let c(p) = p**3 + 2*p**2 + p - 5. Calculate the remainder when c(3) is divided by 15.
13
Let o = -28 + 65. Calculate the remainder when o is divided by (-20)/(9/(9/(-2)) + 1).
17
Suppose -b - 104 = -5*h, -h + 56 = h - 4*b. What is the remainder when 54 is divided by h?
14
Suppose -5*q = -k + 14, 4*q - 12 = -4*k + 2*q. Calculate the remainder when 7 is divided by k.
3
Suppose 0 = -2*q - 3 + 7. Suppose -3*i + 82 = q*r, 4*i - 18 = 3*r - 158. Calculate the remainder when r is divided by 15.
14
Suppose 0 = -5*r - r + 702. Calculate the remainder when r is divided by 17.
15
Let o(n) = n**2 + 9*n + 8. Let l be (-2)/(-8) - 74/8. Calculate the remainder when o(l) is divided by 3.
2
Let z(q) = 9*q**2 + q. Suppose -4*f = -7*f. Let x = f + 1. What is the remainder when z(x) is divided by 4?
2
Let g(r) = -r - 1. Let n be g(0). Let a = 0 + 2. Let d = a + n. Calculate the remainder when d is divided by 1.
0
Let x(j) = -j - 6. Let f be x(-9). Suppose -4*s - 11 = 5*a, -s + a + 1 = -f*s. What is the remainder when s is divided by 1?
0
Suppose -6*i = -5*i - 1. Suppose j = 6*j - 65. Let g = j - i. Calculate the remainder when 23 is divided by g.
11
Calculate the remainder when 13 is divided by ((-10)/6)/((48/(-18))/8).
3
Let m(j) = 2*j - 4. Let k = -8 - -11. Let b = 8 + k. Calculate the remainder when b is divided by m(5).
5
Suppose 5 = -n, -n - 2*n = s - 58. Suppose 4*o + 2*w - 134 = 0, 2*o = -0*o + 5*w + s. What is the remainder when o is divided by 12?
10
Suppose -6 = 2*h, 129 = -j + 4*j - h. Calculate the remainder when j is divided by 11.
9
Let h(y) = 16*y**2 + 2*y + 2. What is the remainder when h(-1) is divided by 6?
4
Suppose 3*s = s + 86. Calculate the remainder when s is divided by 14 - (-1 + -1 + 1).
13
Suppose -3*f - 25 = -p, 5*p = -3*f + 125 + 36. Calculate the remainder when p is divided by 17.
14
Let h = -2 + 3. What is the remainder when 69/(h - -2) - 3 is divided by (11/2)/(1/2)?
9
Let y be ((-6)/4)/(10/(-20)). Suppose y*v + a - 133 = -38, 0 = v - 4*a - 10. Calculate the remainder when v is divided by 11.
8
Let u = -103 - -111. What is the remainder when 182/8 - 1/(-4) is divided by u?
7
Suppose -4 - 6 = 2*v. Let o(z) = -z**3 - 3*z**2 + 6*z - 5. What is the remainder when (-6)/(-15) + (-213)/(-5) is divided by o(v)?
13
Let z(o) be the third derivative of -7*o**6/120 + o**5/60 + o**4/24 - 2*o**2. Suppose 5*d - 40 = 50. Calculate the remainder when d is divided by z(-1).
4
Let y = 16 - 11. Calculate the remainder when 19 is divided by y.
4
Suppose 0 = -4*g + 3*g + 122. Suppose -g = -w - w. Calculate the remainder when w is divided by 21.
19
Suppose 8*p = 4*p - 112. Let q = p + 57. What is the remainder when q is divided by 16?
13
Suppose -10 = -2*q - 5*l, 0*q + 3*q + 2*l - 37 = 0. What is the remainder when 41 is divided by q?
11
Suppose -8*r = -7*r - 6. Suppose 5*y = -32 + 82. What is the remainder when y is divided by r?
4
Suppose -15 = -3*h + 90. Let w = -17 + h. Calculate the remainder when 52 is divided by w.
16
Let v(d) = d**3 + 8*d**2 + 7*d + 8. Calculate the remainder when v(-7) is divided by 3.
2
Suppose 26 = 2*m + 8. What is the remainder when 16 is divided by m?
7
Suppose -3*k = -4*r - 4, 4*r = 3*r - 2*k + 10. Let d(s) = 8*s**2 + 2*s + 1. Calculate the remainder when d(r) is divided by 13.
11
Let g(q) = -q**3 + 5*q**2 + 6*q - 5. Let u be g(6). Let x be (-2)/8 - 141/12. Let d = u - x. Calculate the remainder when d is divided by 3.
1
Suppose 2*u = 3*u - 9. Let a = u + 38. What is the remainder when a is divided by 10?
7
Let i be (-87)/3*-1*1. Let x = 10 + i. What is the remainder when x is divided by 20?
19
Suppose s = -4*s - 25. Let o be s/10*(0 - 0). What is the remainder when 22 is divided by 12 + 1 - (1 + o)?
10
Let i(h) = -h**3 + 3*h**2 + 2*h + 5. Let w be i(4). Let z(g) = 2*g + 4. What is the remainder when (-64)/w + (-22)/(-33) is divided by z(4)?
10
Let d be 22/2 + (-5 - -2). Suppose -1 = -2*l + b + d, -2*l - 5*b = 21. Let g(j) = j + 2. Calculate the remainder when g(0) is divided by l.
0
Suppose 0 = r - 2*x - 71, -4*r - 193 = -2*x - 507. What is the remainder when r is divided by 21?
18
Suppose 63*n - 60*n - 93 = 0. What is the remainder when n is divided by 9?
4
Suppose 0 = 7*p - 2*p - 30. Let y = p - 5. Calculate the remainder when (-1)/(y*3/(-15)) is divided by 2.
1
Let k = -96 + 183. Calculate the remainder when k is divided by 10.
7
Suppose 2*j - 7*j + 10 = 0, j + 220 = 3*t. Calculate the remainder when t is divided by (-92)/(-12)*3 - -2.
24
Suppose 0 = 4*d + 42 - 114. Let g = 32 - 34. Let l = g